[INFO] fetching crate holochain_dpki 0.0.51-alpha1...
[INFO] checking holochain_dpki-0.0.51-alpha1 against master#cfbc6d4cf1acbac5c025acf8ed68929caa551df3 for pr-75494-beta
[INFO] extracting crate holochain_dpki 0.0.51-alpha1 into /workspace/builds/worker-5/source
[INFO] validating manifest of crates.io crate holochain_dpki 0.0.51-alpha1 on toolchain cfbc6d4cf1acbac5c025acf8ed68929caa551df3
[INFO] running `Command { std: "/workspace/cargo-home/bin/cargo" "+cfbc6d4cf1acbac5c025acf8ed68929caa551df3" "read-manifest" "--manifest-path" "Cargo.toml", kill_on_drop: false }`
[INFO] started tweaking crates.io crate holochain_dpki 0.0.51-alpha1
[INFO] finished tweaking crates.io crate holochain_dpki 0.0.51-alpha1
[INFO] tweaked toml for crates.io crate holochain_dpki 0.0.51-alpha1 written to /workspace/builds/worker-5/source/Cargo.toml
[INFO] running `Command { std: "/workspace/cargo-home/bin/cargo" "+cfbc6d4cf1acbac5c025acf8ed68929caa551df3" "generate-lockfile" "--manifest-path" "Cargo.toml" "-Zno-index-update", kill_on_drop: false }`
[INFO] [stderr]     Blocking waiting for file lock on package cache
[INFO] running `Command { std: "/workspace/cargo-home/bin/cargo" "+cfbc6d4cf1acbac5c025acf8ed68929caa551df3" "fetch" "--locked" "--manifest-path" "Cargo.toml", kill_on_drop: false }`
[INFO] running `Command { std: "docker" "create" "-v" "/var/lib/crater-agent-workspace/builds/worker-5/target:/opt/rustwide/target:rw,Z" "-v" "/var/lib/crater-agent-workspace/builds/worker-5/source:/opt/rustwide/workdir:ro,Z" "-v" "/var/lib/crater-agent-workspace/cargo-home:/opt/rustwide/cargo-home:ro,Z" "-v" "/var/lib/crater-agent-workspace/rustup-home:/opt/rustwide/rustup-home:ro,Z" "-e" "SOURCE_DIR=/opt/rustwide/workdir" "-e" "CARGO_TARGET_DIR=/opt/rustwide/target" "-e" "CARGO_HOME=/opt/rustwide/cargo-home" "-e" "RUSTUP_HOME=/opt/rustwide/rustup-home" "-w" "/opt/rustwide/workdir" "-m" "1610612736" "--user" "0:0" "--network" "none" "rustops/crates-build-env@sha256:a636fd89d022f18117e1dc8fb37a0a009933cdbbe082814857f0e2024962d47c" "/opt/rustwide/cargo-home/bin/cargo" "+cfbc6d4cf1acbac5c025acf8ed68929caa551df3" "metadata" "--no-deps" "--format-version=1", kill_on_drop: false }`
[INFO] [stdout] 656d4344202212450d31df1580d6f0627f61be3dff63e70d434d2e755020d616
[INFO] [stderr] WARNING: Your kernel does not support swap limit capabilities or the cgroup is not mounted. Memory limited without swap.
[INFO] running `Command { std: "docker" "start" "-a" "656d4344202212450d31df1580d6f0627f61be3dff63e70d434d2e755020d616", kill_on_drop: false }`
[INFO] running `Command { std: "docker" "inspect" "656d4344202212450d31df1580d6f0627f61be3dff63e70d434d2e755020d616", kill_on_drop: false }`
[INFO] running `Command { std: "docker" "rm" "-f" "656d4344202212450d31df1580d6f0627f61be3dff63e70d434d2e755020d616", kill_on_drop: false }`
[INFO] [stdout] 656d4344202212450d31df1580d6f0627f61be3dff63e70d434d2e755020d616
[INFO] running `Command { std: "docker" "create" "-v" "/var/lib/crater-agent-workspace/builds/worker-5/target:/opt/rustwide/target:rw,Z" "-v" "/var/lib/crater-agent-workspace/builds/worker-5/source:/opt/rustwide/workdir:ro,Z" "-v" "/var/lib/crater-agent-workspace/cargo-home:/opt/rustwide/cargo-home:ro,Z" "-v" "/var/lib/crater-agent-workspace/rustup-home:/opt/rustwide/rustup-home:ro,Z" "-e" "SOURCE_DIR=/opt/rustwide/workdir" "-e" "CARGO_TARGET_DIR=/opt/rustwide/target" "-e" "CARGO_INCREMENTAL=0" "-e" "RUST_BACKTRACE=full" "-e" "RUSTFLAGS=--cap-lints=forbid" "-e" "CARGO_HOME=/opt/rustwide/cargo-home" "-e" "RUSTUP_HOME=/opt/rustwide/rustup-home" "-w" "/opt/rustwide/workdir" "-m" "1610612736" "--user" "0:0" "--network" "none" "rustops/crates-build-env@sha256:a636fd89d022f18117e1dc8fb37a0a009933cdbbe082814857f0e2024962d47c" "/opt/rustwide/cargo-home/bin/cargo" "+cfbc6d4cf1acbac5c025acf8ed68929caa551df3" "check" "--frozen" "--all" "--all-targets" "--message-format=json", kill_on_drop: false }`
[INFO] [stdout] d29f128656eec93201d80c01f2fd181a21e1124d7fb6b61a7c39611359eca100
[INFO] [stderr] WARNING: Your kernel does not support swap limit capabilities or the cgroup is not mounted. Memory limited without swap.
[INFO] running `Command { std: "docker" "start" "-a" "d29f128656eec93201d80c01f2fd181a21e1124d7fb6b61a7c39611359eca100", kill_on_drop: false }`
[INFO] [stderr]    Compiling autocfg v1.0.1
[INFO] [stderr]    Compiling libc v0.2.66
[INFO] [stderr]    Compiling unicode-xid v0.2.1
[INFO] [stderr]    Compiling cfg-if v0.1.10
[INFO] [stderr]    Compiling cc v1.0.59
[INFO] [stderr]    Compiling serde v1.0.104
[INFO] [stderr]    Compiling autocfg v0.1.7
[INFO] [stderr]    Compiling maybe-uninit v2.0.0
[INFO] [stderr]    Compiling typenum v1.12.0
[INFO] [stderr]    Compiling byteorder v1.3.4
[INFO] [stderr]     Checking lazy_static v1.4.0
[INFO] [stderr]    Compiling memchr v2.3.3
[INFO] [stderr]    Compiling log v0.4.8
[INFO] [stderr]    Compiling unicode-xid v0.1.0
[INFO] [stderr]    Compiling pkg-config v0.3.18
[INFO] [stderr]     Checking rand_core v0.4.2
[INFO] [stderr]    Compiling getrandom v0.1.14
[INFO] [stderr]    Compiling bitflags v1.2.1
[INFO] [stderr]    Compiling semver-parser v0.7.0
[INFO] [stderr]    Compiling ryu v1.0.5
[INFO] [stderr]    Compiling syn v0.15.31
[INFO] [stderr]     Checking scopeguard v1.1.0
[INFO] [stderr]    Compiling regex v1.1.2
[INFO] [stderr]    Compiling foreign-types-shared v0.1.1
[INFO] [stderr]    Compiling either v1.6.0
[INFO] [stderr]     Checking slab v0.4.2
[INFO] [stderr]    Compiling crc32fast v1.2.0
[INFO] [stderr]     Checking pin-utils v0.1.0
[INFO] [stderr]    Compiling itoa v0.4.6
[INFO] [stderr]    Compiling protobuf v2.14.0
[INFO] [stderr]    Compiling ppv-lite86 v0.2.9
[INFO] [stderr]     Checking futures-core-preview v0.3.0-alpha.17
[INFO] [stderr]    Compiling byte-tools v0.2.0
[INFO] [stderr]    Compiling arrayref v0.3.5
[INFO] [stderr]     Checking fake-simd v0.1.2
[INFO] [stderr]    Compiling crunchy v0.2.2
[INFO] [stderr]     Checking futures-io-preview v0.3.0-alpha.17
[INFO] [stderr]    Compiling prometheus v0.7.0
[INFO] [stderr]    Compiling rayon-core v1.7.1
[INFO] [stderr]     Checking rustc-demangle v0.1.16
[INFO] [stderr]     Checking once_cell v1.4.1
[INFO] [stderr]    Compiling spin v0.5.2
[INFO] [stderr]    Compiling proc-macro-hack-impl v0.4.2
[INFO] [stderr]    Compiling proc-macro-hack v0.5.18
[INFO] [stderr]    Compiling unwrap v1.2.1
[INFO] [stderr]     Checking utf8-ranges v1.0.4
[INFO] [stderr]    Compiling integer-encoding v1.1.5
[INFO] [stderr]     Checking sha1 v0.5.0
[INFO] [stderr]    Compiling failure_derive v0.1.8
[INFO] [stderr]     Checking regex-syntax v0.6.18
[INFO] [stderr]    Compiling holochain_json_api v0.0.23
[INFO] [stderr]     Checking reed-solomon v0.2.1
[INFO] [stderr]     Checking objekt v0.1.2
[INFO] [stderr]    Compiling holochain_persistence_api v0.0.18
[INFO] [stderr]     Checking snowflake v1.3.0
[INFO] [stderr]    Compiling tracing-core v0.1.10
[INFO] [stderr]    Compiling thread_local v0.3.6
[INFO] [stderr]    Compiling sharded-slab v0.0.8
[INFO] [stderr]    Compiling crossbeam-utils v0.6.6
[INFO] [stderr]     Checking colored v1.7.0
[INFO] [stderr]    Compiling proc-macro2 v0.2.3
[INFO] [stderr]     Checking rand_core v0.3.1
[INFO] [stderr]     Checking rand_jitter v0.1.4
[INFO] [stderr]     Checking lock_api v0.3.4
[INFO] [stderr]    Compiling semver v0.9.0
[INFO] [stderr]    Compiling foreign-types v0.3.2
[INFO] [stderr]    Compiling itertools v0.7.11
[INFO] [stderr]    Compiling itertools v0.8.2
[INFO] [stderr]    Compiling block-buffer v0.3.3
[INFO] [stderr]     Checking futures-sink-preview v0.3.0-alpha.17
[INFO] [stderr]    Compiling rand_pcg v0.1.2
[INFO] [stderr]    Compiling rand_chacha v0.1.1
[INFO] [stderr]    Compiling backtrace v0.3.27
[INFO] [stderr]    Compiling rand v0.6.5
[INFO] [stderr]     Checking lock_api v0.1.5
[INFO] [stderr]    Compiling num-traits v0.2.12
[INFO] [stderr]    Compiling num-integer v0.1.43
[INFO] [stderr]    Compiling hashbrown v0.8.2
[INFO] [stderr]    Compiling indexmap v1.5.1
[INFO] [stderr]    Compiling crossbeam-utils v0.7.2
[INFO] [stderr]    Compiling memoffset v0.5.5
[INFO] [stderr]    Compiling num-bigint v0.3.0
[INFO] [stderr]    Compiling crossbeam-epoch v0.8.2
[INFO] [stderr]    Compiling num-iter v0.1.41
[INFO] [stderr]    Compiling num-rational v0.3.0
[INFO] [stderr]    Compiling rayon v1.3.1
[INFO] [stderr]     Checking futures-task v0.3.5
[INFO] [stderr]    Compiling proc-macro2 v1.0.19
[INFO] [stderr]     Checking hcid v0.0.6
[INFO] [stderr]    Compiling proc-macro2 v0.4.30
[INFO] [stderr]     Checking rand_hc v0.1.0
[INFO] [stderr]     Checking rand_xorshift v0.1.1
[INFO] [stderr]     Checking rand_isaac v0.1.1
[INFO] [stderr]    Compiling proc-macro-hack v0.4.2
[INFO] [stderr]     Checking futures-channel-preview v0.3.0-alpha.17
[INFO] [stderr]    Compiling quote v0.4.2
[INFO] [stderr]    Compiling rustc_version v0.2.3
[INFO] [stderr]    Compiling smallvec v0.6.13
[INFO] [stderr]    Compiling backtrace-sys v0.1.37
[INFO] [stderr]    Compiling openssl-sys v0.9.58
[INFO] [stderr]    Compiling bzip2-sys v0.1.9+1.0.8
[INFO] [stderr]    Compiling quote v0.6.11
[INFO] [stderr]    Compiling syn v0.12.15
[INFO] [stderr]    Compiling aho-corasick v0.6.10
[INFO] [stderr]    Compiling quote v1.0.3
[INFO] [stderr]     Checking base64 v0.10.1
[INFO] [stderr]     Checking parity-wasm v0.31.3
[INFO] [stderr]     Checking hashbrown v0.1.8
[INFO] [stderr]     Checking futures-util-preview v0.3.0-alpha.17
[INFO] [stderr]     Checking tiny-keccak v1.5.0
[INFO] [stderr]    Compiling regex-automata v0.1.9
[INFO] [stderr]    Compiling time v0.1.42
[INFO] [stderr]    Compiling filetime v0.2.12
[INFO] [stderr]    Compiling flate2 v1.0.17
[INFO] [stderr]    Compiling xattr v0.2.2
[INFO] [stderr]    Compiling num_cpus v1.13.0
[INFO] [stderr]    Compiling rand_os v0.1.3
[INFO] [stderr]    Compiling hostname v0.1.5
[INFO] [stderr]     Checking rand v0.5.6
[INFO] [stderr]     Checking rand v0.4.6
[INFO] [stderr]     Checking directories v1.0.2
[INFO] [stderr]    Compiling parking_lot_core v0.4.0
[INFO] [stderr]    Compiling parking_lot_core v0.6.2
[INFO] [stderr]    Compiling parking_lot v0.9.0
[INFO] [stderr]    Compiling crossbeam-channel v0.3.8
[INFO] [stderr]    Compiling mashup-impl v0.1.12
[INFO] [stderr]    Compiling syn v1.0.39
[INFO] [stderr]     Checking generic-array v0.12.3
[INFO] [stderr]     Checking generic-array v0.9.0
[INFO] [stderr]    Compiling rand_core v0.5.1
[INFO] [stderr]    Compiling tar v0.4.29
[INFO] [stderr]     Checking crossbeam-queue v0.2.3
[INFO] [stderr]    Compiling threadpool v1.8.1
[INFO] [stderr]    Compiling msdos_time v0.1.6
[INFO] [stderr]     Checking holochain_common v0.0.51-alpha1
[INFO] [stderr]    Compiling matchers v0.0.1
[INFO] [stderr]     Checking num-complex v0.3.0
[INFO] [stderr]    Compiling ordered-float v1.1.0
[INFO] [stderr]     Checking wasmi v0.4.4
[INFO] [stderr]     Checking digest v0.7.6
[INFO] [stderr]     Checking digest v0.8.1
[INFO] [stderr]     Checking crypto-mac v0.7.0
[INFO] [stderr]     Checking block-buffer v0.7.3
[INFO] [stderr]    Compiling openssl v0.10.30
[INFO] [stderr]    Compiling native-tls v0.2.4
[INFO] [stderr]     Checking uuid v0.7.1
[INFO] [stderr]    Compiling rand_chacha v0.2.2
[INFO] [stderr]     Checking mashup v0.1.12
[INFO] [stderr]     Checking crossbeam-deque v0.7.3
[INFO] [stderr]     Checking futures-executor-preview v0.3.0-alpha.17
[INFO] [stderr]     Checking chrono v0.4.6
[INFO] [stderr]    Compiling bzip2 v0.3.3
[INFO] [stderr]     Checking sha2 v0.7.1
[INFO] [stderr]     Checking hmac v0.7.1
[INFO] [stderr]     Checking sha2 v0.8.2
[INFO] [stderr]     Checking futures-preview v0.3.0-alpha.17
[INFO] [stderr]    Compiling rand v0.7.3
[INFO] [stderr]    Compiling zip v0.3.3
[INFO] [stderr]     Checking multihash v0.8.0
[INFO] [stderr]     Checking parking_lot v0.7.1
[INFO] [stderr]     Checking once_cell v0.1.8
[INFO] [stderr]    Compiling synstructure v0.10.2
[INFO] [stderr]    Compiling holochain_core_types v0.0.51-alpha1
[INFO] [stderr]    Compiling shrinkwraprs v0.2.1
[INFO] [stderr]     Checking num v0.3.0
[INFO] [stderr]     Checking rust-base58 v0.0.4
[INFO] [stderr]    Compiling zeroize_derive v0.9.3
[INFO] [stderr]     Checking pbkdf2 v0.3.0
[INFO] [stderr]    Compiling synstructure v0.12.4
[INFO] [stderr]     Checking zeroize v0.9.2
[INFO] [stderr]    Compiling serde_derive v1.0.104
[INFO] [stderr]    Compiling pin-project-internal v0.4.23
[INFO] [stderr]    Compiling trackable_derive v0.1.3
[INFO] [stderr]    Compiling futures-macro v0.3.5
[INFO] [stderr]    Compiling tracing-attributes v0.1.11
[INFO] [stderr]    Compiling shrinkwraprs v0.3.0
[INFO] [stderr]    Compiling trackable v0.2.23
[INFO] [stderr]     Checking failure v0.1.8
[INFO] [stderr]    Compiling thrift_codec v0.1.1
[INFO] [stderr]    Compiling rustracing v0.2.1
[INFO] [stderr]     Checking bip39 v0.6.0-beta.1
[INFO] [stderr]    Compiling tracing v0.1.13
[INFO] [stderr]    Compiling rustracing_jaeger v0.2.1
[INFO] [stderr]    Compiling pin-project v0.4.23
[INFO] [stderr]     Checking futures-util v0.3.5
[INFO] [stderr]     Checking futures-executor v0.3.5
[INFO] [stderr]     Checking futures v0.3.5
[INFO] [stderr]     Checking serde_json v1.0.47
[INFO] [stderr]     Checking toml v0.5.0
[INFO] [stderr]     Checking lib3h_crypto_api v0.0.42
[INFO] [stderr]    Compiling bincode v1.3.1
[INFO] [stderr]    Compiling tracing-serde v0.1.1
[INFO] [stderr]    Compiling tracing-log v0.1.1
[INFO] [stderr]    Compiling thrift v0.13.0
[INFO] [stderr]     Checking holochain_locksmith v0.0.51-alpha1
[INFO] [stderr]    Compiling opentelemetry v0.2.0
[INFO] [stderr]    Compiling http_req v0.2.1
[INFO] [stderr]     Checking holochain_logging v0.0.7
[INFO] [stderr]    Compiling rust_sodium_holochain_fork-sys v0.10.4
[INFO] [stderr]    Compiling tracing-subscriber v0.2.3
[INFO] [stderr]    Compiling holochain_json_derive v0.0.23
[INFO] [stderr]    Compiling opentelemetry-jaeger v0.1.0
[INFO] [stderr] The following warnings were emitted during compilation:
[INFO] [stderr] 
[INFO] [stderr] warning: Failed to download libsodium from https://download.libsodium.org/libsodium/releases/libsodium-1.0.17.tar.gz.  Falling back to MaidSafe mirror at https://s3.amazonaws.com/libsodium/libsodium-1.0.17.tar.gz
[INFO] [stderr] 
[INFO] [stderr] error: failed to run custom build command for `rust_sodium_holochain_fork-sys v0.10.4`
[INFO] [stderr] 
[INFO] [stderr] Caused by:
[INFO] [stderr]   process didn't exit successfully: `/opt/rustwide/target/debug/build/rust_sodium_holochain_fork-sys-feddedf551baeaee/build-script-build` (exit code: 101)
[INFO] [stderr]   --- stdout
[INFO] [stderr]   cargo:rerun-if-env-changed=RUST_SODIUM_LIB_DIR
[INFO] [stderr]   cargo:rerun-if-env-changed=RUST_SODIUM_USE_PKG_CONFIG
[INFO] [stderr]   cargo:rerun-if-env-changed=RUST_SODIUM_SHARED
[INFO] [stderr]   cargo:warning=Failed to download libsodium from https://download.libsodium.org/libsodium/releases/libsodium-1.0.17.tar.gz.  Falling back to MaidSafe mirror at https://s3.amazonaws.com/libsodium/libsodium-1.0.17.tar.gz
[INFO] [stderr] 
[INFO] [stderr]   --- stderr
[INFO] [stderr]   thread 'main' panicked at '
[INFO] [stderr] 
[INFO] [stderr]   Download error: failed to lookup address information: Temporary failure in name resolution
[INFO] [stderr] 
[INFO] [stderr]   ', /opt/rustwide/cargo-home/registry/src/github.com-1ecc6299db9ec823/rust_sodium_holochain_fork-sys-0.10.4/build.rs:126:56
[INFO] [stderr]   stack backtrace:
[INFO] [stderr]      0:     0x55754525f2e5 - backtrace::backtrace::libunwind::trace::h5e2646fa3eddf2ea
[INFO] [stderr]                                  at /cargo/registry/src/github.com-1ecc6299db9ec823/backtrace-0.3.46/src/backtrace/libunwind.rs:86
[INFO] [stderr]      1:     0x55754525f2e5 - backtrace::backtrace::trace_unsynchronized::hb95dd7f77ce47877
[INFO] [stderr]                                  at /cargo/registry/src/github.com-1ecc6299db9ec823/backtrace-0.3.46/src/backtrace/mod.rs:66
[INFO] [stderr]      2:     0x55754525f2e5 - std::sys_common::backtrace::_print_fmt::h5e71b67af43fd70d
[INFO] [stderr]                                  at src/libstd/sys_common/backtrace.rs:78
[INFO] [stderr]      3:     0x55754525f2e5 - <std::sys_common::backtrace::_print::DisplayBacktrace as core::fmt::Display>::fmt::hdb4a83d2b61107e5
[INFO] [stderr]                                  at src/libstd/sys_common/backtrace.rs:59
[INFO] [stderr]      4:     0x55754528469c - core::fmt::write::ha20e7262fa3e8a7a
[INFO] [stderr]                                  at src/libcore/fmt/mod.rs:1076
[INFO] [stderr]      5:     0x557545258632 - std::io::Write::write_fmt::h1aebfe8a5a79e36d
[INFO] [stderr]                                  at src/libstd/io/mod.rs:1537
[INFO] [stderr]      6:     0x557545261920 - std::sys_common::backtrace::_print::h9c07314cc66ba539
[INFO] [stderr]                                  at src/libstd/sys_common/backtrace.rs:62
[INFO] [stderr]      7:     0x557545261920 - std::sys_common::backtrace::print::hd1fd65f49a2d8544
[INFO] [stderr]                                  at src/libstd/sys_common/backtrace.rs:49
[INFO] [stderr]      8:     0x557545261920 - std::panicking::default_hook::{{closure}}::h222da46485ab36fc
[INFO] [stderr]                                  at src/libstd/panicking.rs:198
[INFO] [stderr]      9:     0x55754526166c - std::panicking::default_hook::hc5868949d129ed00
[INFO] [stderr]                                  at src/libstd/panicking.rs:217
[INFO] [stderr]     10:     0x557545261f63 - std::panicking::rust_panic_with_hook::h26a6ab8b0993c0c8
[INFO] [stderr]                                  at src/libstd/panicking.rs:526
[INFO] [stderr]     11:     0x557545261b5b - rust_begin_unwind
[INFO] [stderr]                                  at src/libstd/panicking.rs:437
[INFO] [stderr]     12:     0x557545261acb - std::panicking::begin_panic_fmt::h2ff295231415d4a6
[INFO] [stderr]                                  at src/libstd/panicking.rs:391
[INFO] [stderr]     13:     0x55754512aa48 - build_script_build::download_compressed_file::{{closure}}::h6928b41e2497576b
[INFO] [stderr]                                  at /opt/rustwide/cargo-home/registry/src/github.com-1ecc6299db9ec823/rust_sodium_holochain_fork-sys-0.10.4/build.rs:126
[INFO] [stderr]     14:     0x55754512f1f5 - core::result::Result<T,E>::unwrap_or_else::h06bdd9a758671841
[INFO] [stderr]                                  at /rustc/cfbc6d4cf1acbac5c025acf8ed68929caa551df3/src/libcore/result.rs:853
[INFO] [stderr]     15:     0x55754512a8ef - build_script_build::download_compressed_file::h524dda87303f15c0
[INFO] [stderr]                                  at /opt/rustwide/cargo-home/registry/src/github.com-1ecc6299db9ec823/rust_sodium_holochain_fork-sys-0.10.4/build.rs:126
[INFO] [stderr]     16:     0x55754512b11f - build_script_build::get_libsodium::h8eed0f363d5d0bfb
[INFO] [stderr]                                  at /opt/rustwide/cargo-home/registry/src/github.com-1ecc6299db9ec823/rust_sodium_holochain_fork-sys-0.10.4/build.rs:276
[INFO] [stderr]     17:     0x5575451297d3 - build_script_build::main::h42b5e4d7f8091d50
[INFO] [stderr]                                  at /opt/rustwide/cargo-home/registry/src/github.com-1ecc6299db9ec823/rust_sodium_holochain_fork-sys-0.10.4/build.rs:80
[INFO] [stderr]     18:     0x55754513576b - std::rt::lang_start::{{closure}}::hc0e0a31b9bf1d197
[INFO] [stderr]                                  at /rustc/cfbc6d4cf1acbac5c025acf8ed68929caa551df3/src/libstd/rt.rs:67
[INFO] [stderr]     19:     0x557545262403 - std::rt::lang_start_internal::{{closure}}::h84a998219831fa70
[INFO] [stderr]                                  at src/libstd/rt.rs:52
[INFO] [stderr]     20:     0x557545262403 - std::panicking::try::do_call::he8e1d689a3e26def
[INFO] [stderr]                                  at src/libstd/panicking.rs:348
[INFO] [stderr]     21:     0x557545262403 - std::panicking::try::h264b6eebc2fa7bbf
[INFO] [stderr]                                  at src/libstd/panicking.rs:325
[INFO] [stderr]     22:     0x557545262403 - std::panic::catch_unwind::hbf28fafa723b2128
[INFO] [stderr]                                  at src/libstd/panic.rs:394
[INFO] [stderr]     23:     0x557545262403 - std::rt::lang_start_internal::he959aa59bc3ec202
[INFO] [stderr]                                  at src/libstd/rt.rs:51
[INFO] [stderr]     24:     0x557545135747 - std::rt::lang_start::hf6846722f29d211b
[INFO] [stderr]                                  at /rustc/cfbc6d4cf1acbac5c025acf8ed68929caa551df3/src/libstd/rt.rs:67
[INFO] [stderr]     25:     0x55754512f15a - main
[INFO] [stderr]     26:     0x7f0b5c4b80b3 - __libc_start_main
[INFO] [stderr]     27:     0x5575451291ae - _start
[INFO] [stderr]     28:                0x0 - <unknown>
[INFO] [stderr] warning: build failed, waiting for other jobs to finish...
[INFO] [stdout] error[E0554]: `#![feature]` may not be used on the beta release channel
[INFO] [stdout]  --> /opt/rustwide/cargo-home/registry/src/github.com-1ecc6299db9ec823/holochain_json_api-0.0.23/src/lib.rs:4:1
[INFO] [stdout]   |
[INFO] [stdout] 4 | #![feature(try_trait)]
[INFO] [stdout]   | ^^^^^^^^^^^^^^^^^^^^^^
[INFO] [stdout] 
[INFO] [stdout] 
[INFO] [stdout] error[E0554]: `#![feature]` may not be used on the beta release channel
[INFO] [stdout]  --> /opt/rustwide/cargo-home/registry/src/github.com-1ecc6299db9ec823/holochain_json_api-0.0.23/src/lib.rs:5:1
[INFO] [stdout]   |
[INFO] [stdout] 5 | #![feature(never_type)]
[INFO] [stdout]   | ^^^^^^^^^^^^^^^^^^^^^^^
[INFO] [stdout] 
[INFO] [stdout] 
[INFO] [stdout] error: aborting due to 2 previous errors
[INFO] [stdout] 
[INFO] [stdout] 
[INFO] [stdout] For more information about this error, try `rustc --explain E0554`.
[INFO] [stdout] 
[INFO] [stderr] error: build failed
[INFO] running `Command { std: "docker" "inspect" "d29f128656eec93201d80c01f2fd181a21e1124d7fb6b61a7c39611359eca100", kill_on_drop: false }`
[INFO] running `Command { std: "docker" "rm" "-f" "d29f128656eec93201d80c01f2fd181a21e1124d7fb6b61a7c39611359eca100", kill_on_drop: false }`
[INFO] [stdout] d29f128656eec93201d80c01f2fd181a21e1124d7fb6b61a7c39611359eca100
